{"id":59,"date":"2018-03-10T23:48:28","date_gmt":"2018-03-10T22:48:28","guid":{"rendered":"http:\/\/www.une-rose-un-espoir-payszorn.com\/?page_id=59"},"modified":"2026-03-02T22:45:13","modified_gmt":"2026-03-02T21:45:13","slug":"inscription","status":"publish","type":"page","link":"https:\/\/www.une-rose-un-espoir-payszorn.com\/index.php\/inscription\/","title":{"rendered":"Inscription"},"content":{"rendered":"\n<style type=\"text\/css\" data-created_by=\"avia_inline_auto\" id=\"style-css-av-6p11v-617c88e3c0e589b3e646175b72367b96\">\n.flex_column.av-6p11v-617c88e3c0e589b3e646175b72367b96{\n-webkit-border-radius:0px 0px 0px 0px;\n-moz-border-radius:0px 0px 0px 0px;\nborder-radius:0px 0px 0px 0px;\npadding:0px 0px 0px 0px;\n}\n<\/style>\n<div class='flex_column av-6p11v-617c88e3c0e589b3e646175b72367b96 av_one_third  avia-builder-el-0  el_before_av_one_third  avia-builder-el-first  first flex_column_div av-zero-column-padding '     ><style type=\"text\/css\" data-created_by=\"avia_inline_auto\" id=\"style-css-av-6fvyn-0ccae39f94e9b95af6faf095ed2aab18\">\n.avia-image-container.av-6fvyn-0ccae39f94e9b95af6faf095ed2aab18 img.avia_image{\nbox-shadow:none;\n}\n.avia-image-container.av-6fvyn-0ccae39f94e9b95af6faf095ed2aab18 .av-image-caption-overlay-center{\ncolor:#ffffff;\n}\n<\/style>\n<div  class='avia-image-container av-6fvyn-0ccae39f94e9b95af6faf095ed2aab18 av-styling- av-hover-grow avia-align-center  avia-builder-el-1  avia-builder-el-no-sibling '   itemprop=\"image\" itemscope=\"itemscope\" itemtype=\"https:\/\/schema.org\/ImageObject\" ><div class=\"avia-image-container-inner\"><div class=\"avia-image-overlay-wrap\"><a href=\"https:\/\/www.une-rose-un-espoir-payszorn.com\/wp-content\/uploads\/2026\/03\/FICHE_INSCRIPTION_2026.pdf\" class='avia_image'  target=\"_blank\"  rel=\"noopener noreferrer\"><img decoding=\"async\" class='wp-image-683 avia-img-lazy-loading-not-683 avia_image ' src=\"https:\/\/www.une-rose-un-espoir-payszorn.com\/wp-content\/uploads\/2026\/03\/affiche-2026-212x300.jpg\" alt='' title='affiche-2026'  height=\"300\" width=\"212\"  itemprop=\"thumbnailUrl\" srcset=\"https:\/\/www.une-rose-un-espoir-payszorn.com\/wp-content\/uploads\/2026\/03\/affiche-2026-212x300.jpg 212w, https:\/\/www.une-rose-un-espoir-payszorn.com\/wp-content\/uploads\/2026\/03\/affiche-2026-724x1024.jpg 724w, https:\/\/www.une-rose-un-espoir-payszorn.com\/wp-content\/uploads\/2026\/03\/affiche-2026-768x1086.jpg 768w, https:\/\/www.une-rose-un-espoir-payszorn.com\/wp-content\/uploads\/2026\/03\/affiche-2026-1086x1536.jpg 1086w, https:\/\/www.une-rose-un-espoir-payszorn.com\/wp-content\/uploads\/2026\/03\/affiche-2026-1448x2048.jpg 1448w, https:\/\/www.une-rose-un-espoir-payszorn.com\/wp-content\/uploads\/2026\/03\/affiche-2026-1060x1500.jpg 1060w, https:\/\/www.une-rose-un-espoir-payszorn.com\/wp-content\/uploads\/2026\/03\/affiche-2026-498x705.jpg 498w, https:\/\/www.une-rose-un-espoir-payszorn.com\/wp-content\/uploads\/2026\/03\/affiche-2026.jpg 1587w\" sizes=\"(max-width: 212px) 100vw, 212px\" \/><\/a><\/div><\/div><\/div><\/div>\n<style type=\"text\/css\" data-created_by=\"avia_inline_auto\" id=\"style-css-av-5ig9b-0cc15bac2f452a1ca41a9ebb5e0d80db\">\n.flex_column.av-5ig9b-0cc15bac2f452a1ca41a9ebb5e0d80db{\n-webkit-border-radius:0px 0px 0px 0px;\n-moz-border-radius:0px 0px 0px 0px;\nborder-radius:0px 0px 0px 0px;\npadding:0px 0px 0px 0px;\n}\n<\/style>\n<div class='flex_column av-5ig9b-0cc15bac2f452a1ca41a9ebb5e0d80db av_one_third  avia-builder-el-2  el_after_av_one_third  el_before_av_one_third  flex_column_div av-zero-column-padding '     ><style type=\"text\/css\" data-created_by=\"avia_inline_auto\" id=\"style-css-av-520a7-5608587f09b4bbd9a62b8744d345ba72\">\n#top .avia-icon-list-container.av-520a7-5608587f09b4bbd9a62b8744d345ba72 .iconlist_icon{\nbackground-color:#e34637;\n}\n<\/style>\n<div  class='avia-icon-list-container av-520a7-5608587f09b4bbd9a62b8744d345ba72  avia-builder-el-3  avia-builder-el-no-sibling '><ul class='avia-icon-list avia_animate_when_almost_visible avia-icon-list-left av-iconlist-big av-520a7-5608587f09b4bbd9a62b8744d345ba72 avia-iconlist-animate'>\n<li><a href='https:\/\/www.une-rose-un-espoir-payszorn.com\/wp-content\/uploads\/2026\/03\/FICHE_INSCRIPTION_2026.pdf' title='t\u00e9l\u00e9chargez le fichier PDF d\u2019inscription'  target=\"_blank\"  rel=\"noopener noreferrer\" class='iconlist_icon av-4hxlj-fa4f4dbd78d37cbe88fed077990d8fd9 avia-font-entypo-fontello'><span class='iconlist-char' aria-hidden='true' data-av_icon='\ue82d' data-av_iconfont='entypo-fontello'><\/span><\/a><article class=\"article-icon-entry av-iconlist-empty\"  itemscope=\"itemscope\" itemtype=\"https:\/\/schema.org\/CreativeWork\" ><div class=\"iconlist_content_wrap\"><header class=\"entry-content-header\"><h4 class='av_iconlist_title iconlist_title  '  itemprop=\"headline\" ><a href='https:\/\/www.une-rose-un-espoir-payszorn.com\/wp-content\/uploads\/2026\/03\/FICHE_INSCRIPTION_2026.pdf' title='t\u00e9l\u00e9chargez le fichier PDF d\u2019inscription' target=\"_blank\"  rel=\"noopener noreferrer\">t\u00e9l\u00e9chargez le fichier PDF d\u2019inscription<\/a><\/h4><\/header><div class='iconlist_content '  itemprop=\"text\" ><\/div><\/div><footer class=\"entry-footer\"><\/footer><\/article><div class=\"iconlist-timeline\"><\/div><\/li>\n<li><div class='iconlist_icon av-3t7uz-2c585e34064817d5dad8239065c12648 avia-font-entypo-fontello'><span class='iconlist-char' aria-hidden='true' data-av_icon='\ue83a' data-av_iconfont='entypo-fontello'><\/span><\/div><article class=\"article-icon-entry \"  itemscope=\"itemscope\" itemtype=\"https:\/\/schema.org\/CreativeWork\" ><div class=\"iconlist_content_wrap\"><header class=\"entry-content-header\"><h4 class='av_iconlist_title iconlist_title  '  itemprop=\"headline\" >ouvrez le et remplissez le<\/h4><\/header><div class='iconlist_content '  itemprop=\"text\" ><p><span style=\"color: #ff0000;\"><strong>remplissez le formulaire avec votre ordinateur<\/strong><\/span> cela nous \u00e9vite des probl\u00e8mes de relecture.<\/p>\n<\/div><\/div><footer class=\"entry-footer\"><\/footer><\/article><div class=\"iconlist-timeline\"><\/div><\/li>\n<li><div class='iconlist_icon av-148v-c36d789cacc6ba128506af58ecc55ecd avia-font-entypo-fontello'><span class='iconlist-char' aria-hidden='true' data-av_icon='\ue838' data-av_iconfont='entypo-fontello'><\/span><\/div><article class=\"article-icon-entry av-iconlist-empty\"  itemscope=\"itemscope\" itemtype=\"https:\/\/schema.org\/CreativeWork\" ><div class=\"iconlist_content_wrap\"><header class=\"entry-content-header\"><h4 class='av_iconlist_title iconlist_title  '  itemprop=\"headline\" >imprimez-le<\/h4><\/header><div class='iconlist_content '  itemprop=\"text\" ><\/div><\/div><footer class=\"entry-footer\"><\/footer><\/article><div class=\"iconlist-timeline\"><\/div><\/li>\n<li><div class='iconlist_icon av-2rnp7-2aa47822f35c6d8666d9f4c10c20b81c avia-font-entypo-fontello'><span class='iconlist-char' aria-hidden='true' data-av_icon='\ue8c0' data-av_iconfont='entypo-fontello'><\/span><\/div><article class=\"article-icon-entry \"  itemscope=\"itemscope\" itemtype=\"https:\/\/schema.org\/CreativeWork\" ><div class=\"iconlist_content_wrap\"><header class=\"entry-content-header\"><h4 class='av_iconlist_title iconlist_title  '  itemprop=\"headline\" >signez-le<\/h4><\/header><div class='iconlist_content '  itemprop=\"text\" ><p>cela valide votre engagement<\/p>\n<\/div><\/div><footer class=\"entry-footer\"><\/footer><\/article><div class=\"iconlist-timeline\"><\/div><\/li>\n<li><div class='iconlist_icon av-20uhz-e5c92b5bda55e20391ef87b210ef8a9d avia-font-entypo-fontello'><span class='iconlist-char' aria-hidden='true' data-av_icon='\ue82e' data-av_iconfont='entypo-fontello'><\/span><\/div><article class=\"article-icon-entry \"  itemscope=\"itemscope\" itemtype=\"https:\/\/schema.org\/CreativeWork\" ><div class=\"iconlist_content_wrap\"><header class=\"entry-content-header\"><h4 class='av_iconlist_title iconlist_title  '  itemprop=\"headline\" >faites nous le parvenir<\/h4><\/header><div class='iconlist_content '  itemprop=\"text\" ><p>soit en le donnant \u00e0 votre r\u00e9f\u00e9rent local ou si vous scannez\/photographiez la <span style=\"color: #ff0000;\"><strong>premi\u00e8re page uniquement<\/strong><\/span> en utilisant le formulaire suivant :<\/p>\n\n<div class=\"wpcf7 no-js\" id=\"wpcf7-f78-o1\" lang=\"fr-FR\" dir=\"ltr\" data-wpcf7-id=\"78\">\n<div class=\"screen-reader-response\"><p role=\"status\" aria-live=\"polite\" aria-atomic=\"true\"><\/p> <ul><\/ul><\/div>\n<form action=\"\/index.php\/wp-json\/wp\/v2\/pages\/59#wpcf7-f78-o1\" method=\"post\" class=\"wpcf7-form init\" aria-label=\"Formulaire de contact\" enctype=\"multipart\/form-data\" novalidate=\"novalidate\" data-status=\"init\">\n<fieldset class=\"hidden-fields-container\"><input type=\"hidden\" name=\"_wpcf7\" value=\"78\" \/><input type=\"hidden\" name=\"_wpcf7_version\" value=\"6.1.5\" \/><input type=\"hidden\" name=\"_wpcf7_locale\" value=\"fr_FR\" \/><input type=\"hidden\" name=\"_wpcf7_unit_tag\" value=\"wpcf7-f78-o1\" \/><input type=\"hidden\" name=\"_wpcf7_container_post\" value=\"0\" \/><input type=\"hidden\" name=\"_wpcf7_posted_data_hash\" value=\"\" \/>\n<\/fieldset>\n<p><label> Votre adresse de messagerie (obligatoire)<br \/>\n<span class=\"wpcf7-form-control-wrap\" data-name=\"your-email\"><input size=\"40\" maxlength=\"400\" class=\"wpcf7-form-control wpcf7-email wpcf7-validates-as-required wpcf7-text wpcf7-validates-as-email\" aria-required=\"true\" aria-invalid=\"false\" value=\"\" type=\"email\" name=\"your-email\" \/><\/span> <\/label>\n<\/p>\n<p><label> Votre formulaire d'inscription (oligatoire)<br \/>\n<span class=\"wpcf7-form-control-wrap\" data-name=\"your-file\"><input size=\"40\" class=\"wpcf7-form-control wpcf7-file wpcf7-validates-as-required\" accept=\"audio\/*,video\/*,image\/*\" aria-required=\"true\" aria-invalid=\"false\" type=\"file\" name=\"your-file\" \/><\/span><br \/>\n<input class=\"wpcf7-form-control wpcf7-submit has-spinner\" type=\"submit\" value=\"Envoyer\" \/><\/label>\n<\/p><div class=\"wpcf7-response-output\" aria-hidden=\"true\"><\/div>\n<\/form>\n<\/div>\n\n<\/div><\/div><footer class=\"entry-footer\"><\/footer><\/article><div class=\"iconlist-timeline\"><\/div><\/li>\n<\/ul><\/div><\/div>\n<style type=\"text\/css\" data-created_by=\"avia_inline_auto\" id=\"style-css-av-4nbv-1f5c3615e5875cbf4526c10775d30d70\">\n.flex_column.av-4nbv-1f5c3615e5875cbf4526c10775d30d70{\n-webkit-border-radius:0px 0px 0px 0px;\n-moz-border-radius:0px 0px 0px 0px;\nborder-radius:0px 0px 0px 0px;\npadding:0px 0px 0px 0px;\n}\n<\/style>\n<div class='flex_column av-4nbv-1f5c3615e5875cbf4526c10775d30d70 av_one_third  avia-builder-el-4  el_after_av_one_third  avia-builder-el-last  flex_column_div av-zero-column-padding '     ><style type=\"text\/css\" data-created_by=\"avia_inline_auto\" id=\"style-css-av-rdoz-172015c1bed078938d5154fc0bf46920\">\n.avia-image-container.av-rdoz-172015c1bed078938d5154fc0bf46920 img.avia_image{\nbox-shadow:none;\n}\n.avia-image-container.av-rdoz-172015c1bed078938d5154fc0bf46920 .av-image-caption-overlay-center{\ncolor:#ffffff;\n}\n<\/style>\n<div  class='avia-image-container av-rdoz-172015c1bed078938d5154fc0bf46920 av-styling- av-hover-grow avia-align-center  avia-builder-el-5  avia-builder-el-no-sibling '   itemprop=\"image\" itemscope=\"itemscope\" itemtype=\"https:\/\/schema.org\/ImageObject\" ><div class=\"avia-image-container-inner\"><div class=\"avia-image-overlay-wrap\"><a href=\"https:\/\/www.une-rose-un-espoir-payszorn.com\/wp-content\/uploads\/2026\/03\/FICHE_INSCRIPTION_2026.pdf\" class='avia_image'  target=\"_blank\"  rel=\"noopener noreferrer\"><img decoding=\"async\" class='wp-image-682 avia-img-lazy-loading-not-682 avia_image ' src=\"https:\/\/www.une-rose-un-espoir-payszorn.com\/wp-content\/uploads\/2026\/03\/formulaire-inscription-2026-212x300.jpg\" alt='' title='formulaire-inscription-2026'  height=\"300\" width=\"212\"  itemprop=\"thumbnailUrl\" srcset=\"https:\/\/www.une-rose-un-espoir-payszorn.com\/wp-content\/uploads\/2026\/03\/formulaire-inscription-2026-212x300.jpg 212w, https:\/\/www.une-rose-un-espoir-payszorn.com\/wp-content\/uploads\/2026\/03\/formulaire-inscription-2026-499x705.jpg 499w, https:\/\/www.une-rose-un-espoir-payszorn.com\/wp-content\/uploads\/2026\/03\/formulaire-inscription-2026.jpg 605w\" sizes=\"(max-width: 212px) 100vw, 212px\" \/><\/a><\/div><\/div><\/div><\/div><\/p>\n","protected":false},"excerpt":{"rendered":"","protected":false},"author":1,"featured_media":490,"parent":0,"menu_order":0,"comment_status":"closed","ping_status":"closed","template":"","meta":{"footnotes":""},"class_list":["post-59","page","type-page","status-publish","has-post-thumbnail","hentry"],"yoast_head":"<!-- This site is optimized with the Yoast SEO plugin v27.0 - https:\/\/yoast.com\/product\/yoast-seo-wordpress\/ -->\n<title>Inscription - Une Rose Un Espoir Secteur du Pays de la Zorn<\/title>\n<meta name=\"robots\" content=\"index, follow, max-snippet:-1, max-image-preview:large, max-video-preview:-1\" \/>\n<link rel=\"canonical\" href=\"https:\/\/www.une-rose-un-espoir-payszorn.com\/index.php\/inscription\/\" \/>\n<meta property=\"og:locale\" content=\"fr_FR\" \/>\n<meta property=\"og:type\" content=\"article\" \/>\n<meta property=\"og:title\" content=\"Inscription - Une Rose Un Espoir Secteur du Pays de la Zorn\" \/>\n<meta property=\"og:url\" content=\"https:\/\/www.une-rose-un-espoir-payszorn.com\/index.php\/inscription\/\" \/>\n<meta property=\"og:site_name\" content=\"Une Rose Un Espoir Secteur du Pays de la Zorn\" \/>\n<meta property=\"article:modified_time\" content=\"2026-03-02T21:45:13+00:00\" \/>\n<meta property=\"og:image\" content=\"https:\/\/www.une-rose-un-espoir-payszorn.com\/wp-content\/uploads\/2021\/04\/affiche-2021.jpg\" \/>\n\t<meta property=\"og:image:width\" content=\"729\" \/>\n\t<meta property=\"og:image:height\" content=\"1031\" \/>\n\t<meta property=\"og:image:type\" content=\"image\/jpeg\" \/>\n<meta name=\"twitter:card\" content=\"summary_large_image\" \/>\n<meta name=\"twitter:label1\" content=\"Dur\u00e9e de lecture estim\u00e9e\" \/>\n\t<meta name=\"twitter:data1\" content=\"1 minute\" \/>\n<script type=\"application\/ld+json\" class=\"yoast-schema-graph\">{\"@context\":\"https:\/\/schema.org\",\"@graph\":[{\"@type\":\"WebPage\",\"@id\":\"https:\/\/www.une-rose-un-espoir-payszorn.com\/index.php\/inscription\/\",\"url\":\"https:\/\/www.une-rose-un-espoir-payszorn.com\/index.php\/inscription\/\",\"name\":\"Inscription - Une Rose Un Espoir Secteur du Pays de la Zorn\",\"isPartOf\":{\"@id\":\"https:\/\/www.une-rose-un-espoir-payszorn.com\/#website\"},\"primaryImageOfPage\":{\"@id\":\"https:\/\/www.une-rose-un-espoir-payszorn.com\/index.php\/inscription\/#primaryimage\"},\"image\":{\"@id\":\"https:\/\/www.une-rose-un-espoir-payszorn.com\/index.php\/inscription\/#primaryimage\"},\"thumbnailUrl\":\"https:\/\/www.une-rose-un-espoir-payszorn.com\/wp-content\/uploads\/2021\/04\/affiche-2021.jpg\",\"datePublished\":\"2018-03-10T22:48:28+00:00\",\"dateModified\":\"2026-03-02T21:45:13+00:00\",\"breadcrumb\":{\"@id\":\"https:\/\/www.une-rose-un-espoir-payszorn.com\/index.php\/inscription\/#breadcrumb\"},\"inLanguage\":\"fr-FR\",\"potentialAction\":[{\"@type\":\"ReadAction\",\"target\":[\"https:\/\/www.une-rose-un-espoir-payszorn.com\/index.php\/inscription\/\"]}]},{\"@type\":\"ImageObject\",\"inLanguage\":\"fr-FR\",\"@id\":\"https:\/\/www.une-rose-un-espoir-payszorn.com\/index.php\/inscription\/#primaryimage\",\"url\":\"https:\/\/www.une-rose-un-espoir-payszorn.com\/wp-content\/uploads\/2021\/04\/affiche-2021.jpg\",\"contentUrl\":\"https:\/\/www.une-rose-un-espoir-payszorn.com\/wp-content\/uploads\/2021\/04\/affiche-2021.jpg\",\"width\":729,\"height\":1031},{\"@type\":\"BreadcrumbList\",\"@id\":\"https:\/\/www.une-rose-un-espoir-payszorn.com\/index.php\/inscription\/#breadcrumb\",\"itemListElement\":[{\"@type\":\"ListItem\",\"position\":1,\"name\":\"Accueil\",\"item\":\"https:\/\/www.une-rose-un-espoir-payszorn.com\/\"},{\"@type\":\"ListItem\",\"position\":2,\"name\":\"Inscription\"}]},{\"@type\":\"WebSite\",\"@id\":\"https:\/\/www.une-rose-un-espoir-payszorn.com\/#website\",\"url\":\"https:\/\/www.une-rose-un-espoir-payszorn.com\/\",\"name\":\"Une Rose Un Espoir Secteur du Pays de la Zorn\",\"description\":\"\",\"potentialAction\":[{\"@type\":\"SearchAction\",\"target\":{\"@type\":\"EntryPoint\",\"urlTemplate\":\"https:\/\/www.une-rose-un-espoir-payszorn.com\/?s={search_term_string}\"},\"query-input\":{\"@type\":\"PropertyValueSpecification\",\"valueRequired\":true,\"valueName\":\"search_term_string\"}}],\"inLanguage\":\"fr-FR\"}]}<\/script>\n<!-- \/ Yoast SEO plugin. -->","yoast_head_json":{"title":"Inscription - Une Rose Un Espoir Secteur du Pays de la Zorn","robots":{"index":"index","follow":"follow","max-snippet":"max-snippet:-1","max-image-preview":"max-image-preview:large","max-video-preview":"max-video-preview:-1"},"canonical":"https:\/\/www.une-rose-un-espoir-payszorn.com\/index.php\/inscription\/","og_locale":"fr_FR","og_type":"article","og_title":"Inscription - Une Rose Un Espoir Secteur du Pays de la Zorn","og_url":"https:\/\/www.une-rose-un-espoir-payszorn.com\/index.php\/inscription\/","og_site_name":"Une Rose Un Espoir Secteur du Pays de la Zorn","article_modified_time":"2026-03-02T21:45:13+00:00","og_image":[{"width":729,"height":1031,"url":"https:\/\/www.une-rose-un-espoir-payszorn.com\/wp-content\/uploads\/2021\/04\/affiche-2021.jpg","type":"image\/jpeg"}],"twitter_card":"summary_large_image","twitter_misc":{"Dur\u00e9e de lecture estim\u00e9e":"1 minute"},"schema":{"@context":"https:\/\/schema.org","@graph":[{"@type":"WebPage","@id":"https:\/\/www.une-rose-un-espoir-payszorn.com\/index.php\/inscription\/","url":"https:\/\/www.une-rose-un-espoir-payszorn.com\/index.php\/inscription\/","name":"Inscription - Une Rose Un Espoir Secteur du Pays de la Zorn","isPartOf":{"@id":"https:\/\/www.une-rose-un-espoir-payszorn.com\/#website"},"primaryImageOfPage":{"@id":"https:\/\/www.une-rose-un-espoir-payszorn.com\/index.php\/inscription\/#primaryimage"},"image":{"@id":"https:\/\/www.une-rose-un-espoir-payszorn.com\/index.php\/inscription\/#primaryimage"},"thumbnailUrl":"https:\/\/www.une-rose-un-espoir-payszorn.com\/wp-content\/uploads\/2021\/04\/affiche-2021.jpg","datePublished":"2018-03-10T22:48:28+00:00","dateModified":"2026-03-02T21:45:13+00:00","breadcrumb":{"@id":"https:\/\/www.une-rose-un-espoir-payszorn.com\/index.php\/inscription\/#breadcrumb"},"inLanguage":"fr-FR","potentialAction":[{"@type":"ReadAction","target":["https:\/\/www.une-rose-un-espoir-payszorn.com\/index.php\/inscription\/"]}]},{"@type":"ImageObject","inLanguage":"fr-FR","@id":"https:\/\/www.une-rose-un-espoir-payszorn.com\/index.php\/inscription\/#primaryimage","url":"https:\/\/www.une-rose-un-espoir-payszorn.com\/wp-content\/uploads\/2021\/04\/affiche-2021.jpg","contentUrl":"https:\/\/www.une-rose-un-espoir-payszorn.com\/wp-content\/uploads\/2021\/04\/affiche-2021.jpg","width":729,"height":1031},{"@type":"BreadcrumbList","@id":"https:\/\/www.une-rose-un-espoir-payszorn.com\/index.php\/inscription\/#breadcrumb","itemListElement":[{"@type":"ListItem","position":1,"name":"Accueil","item":"https:\/\/www.une-rose-un-espoir-payszorn.com\/"},{"@type":"ListItem","position":2,"name":"Inscription"}]},{"@type":"WebSite","@id":"https:\/\/www.une-rose-un-espoir-payszorn.com\/#website","url":"https:\/\/www.une-rose-un-espoir-payszorn.com\/","name":"Une Rose Un Espoir Secteur du Pays de la Zorn","description":"","potentialAction":[{"@type":"SearchAction","target":{"@type":"EntryPoint","urlTemplate":"https:\/\/www.une-rose-un-espoir-payszorn.com\/?s={search_term_string}"},"query-input":{"@type":"PropertyValueSpecification","valueRequired":true,"valueName":"search_term_string"}}],"inLanguage":"fr-FR"}]}},"_links":{"self":[{"href":"https:\/\/www.une-rose-un-espoir-payszorn.com\/index.php\/wp-json\/wp\/v2\/pages\/59","targetHints":{"allow":["GET"]}}],"collection":[{"href":"https:\/\/www.une-rose-un-espoir-payszorn.com\/index.php\/wp-json\/wp\/v2\/pages"}],"about":[{"href":"https:\/\/www.une-rose-un-espoir-payszorn.com\/index.php\/wp-json\/wp\/v2\/types\/page"}],"author":[{"embeddable":true,"href":"https:\/\/www.une-rose-un-espoir-payszorn.com\/index.php\/wp-json\/wp\/v2\/users\/1"}],"replies":[{"embeddable":true,"href":"https:\/\/www.une-rose-un-espoir-payszorn.com\/index.php\/wp-json\/wp\/v2\/comments?post=59"}],"version-history":[{"count":54,"href":"https:\/\/www.une-rose-un-espoir-payszorn.com\/index.php\/wp-json\/wp\/v2\/pages\/59\/revisions"}],"predecessor-version":[{"id":686,"href":"https:\/\/www.une-rose-un-espoir-payszorn.com\/index.php\/wp-json\/wp\/v2\/pages\/59\/revisions\/686"}],"wp:featuredmedia":[{"embeddable":true,"href":"https:\/\/www.une-rose-un-espoir-payszorn.com\/index.php\/wp-json\/wp\/v2\/media\/490"}],"wp:attachment":[{"href":"https:\/\/www.une-rose-un-espoir-payszorn.com\/index.php\/wp-json\/wp\/v2\/media?parent=59"}],"curies":[{"name":"wp","href":"https:\/\/api.w.org\/{rel}","templated":true}]}}